-68*c - 679 = -67. Let z(i) = -i - 5. Calculate z(c).
4
Let g(z) be the third derivative of z**5/60 - z**4/6 - 7*z**3/6 - 70*z**2 + 3*z. Let n = -112 + 118. Determine g(n).
5
Suppose 3*t = 5*d + 10, -4*d - 5*t - 35 = -2*t. Let s(o) = 61*o + 21. Let c(b) = -41*b - 19. Let m(l) = -3*c(l) - 2*s(l). What is m(d)?
10
Let u = 789 - 770. Suppose -67 = 24*i - u. Let q(t) = t**3 + 6*t**2 + 3*t + 1. Determine q(i).
11
Let y(s) = -94. Let x(d) = -d + 95. Let f(l) = 6*x(l) + 7*y(l). Give f(-16).
8
Let b(g) be the second derivative of 2/3*g**3 - 8*g**2 - 4 + 21*g + 1/12*g**4. Give b(-7).
5
Let a(g) be the second derivative of -2*g**4/3 + g**2 - 4279*g. Calculate a(-2).
-30
Let v(i) = 16*i - 4*i - 14*i + 2 + 12*i - 7*i + 2*i**2. Suppose 2*q - 9 = 3*l, 5*l + 0*q + 15 = 2*q. Determine v(l).
11
Let n(b) = -3*b**2 + 4*b + 5. Suppose -2*g = 2*y, 10*g = 2*y + 6*g + 24. Let f be (-6)/12 + 2/y + 5. Determine n(f).
-27
Let s(w) = 3*w**3 + 2*w**2 - w. Let b(x) = -6*x - 53. Let t = 136 + -145. Let m be b(t). Give s(m).
4
Let t be 1 + 18/(-14) - (-270)/63 - 1. Let r(m) = 6*m**2 - 24*m + 6. Give r(t).
-12
Let a(n) = n**2 - n + 14. Let g(b) = -4. Let s(t) = 3. Let v(p) = 4*g(p) + 6*s(p). Let x(h) = -a(h) - 5*v(h). Give x(0).
-24
Let l(z) = -3*z - 18. Let c be l(-6). Suppose 4*r + 3*k + 3 - 11 = c, -r - 5 = -k. Let v(i) = i**3 + 2*i**2 + i. Determine v(r).
0
Let v(g) be the third derivative of g**4/24 + 5*g**3/3 + 2*g**2. Suppose -173 = 2*w + 415. Let u be (-2)/(-5) - w/(-35). Determine v(u).
2
Suppose 290 - 80 = 27*o + 8*o. Let a(s) = -8*s + 53. Give a(o).
5
Let u(r) = r**3 - 3*r**2 - 9. Suppose -356*x + 14 = -349*x. Suppose -k - 6 = -x*p + 4, 2*p = -4*k. Determine u(p).
7
Let d(v) = 5*v**3 - 6*v**2 + 4*v + 5. Let m(n) = 9*n**3 - 10*n**2 + 7*n + 10. Let t(p) = -11*d(p) + 6*m(p). Determine t(4).
29
Let v(n) be the first derivative of n**4/4 + n**3/6 + n**2 - 5*n + 7. Let u(o) be the second derivative of v(o). Determine u(1).
7
Let o(j) = 28*j + 25. Let u(m) = 21*m + 22. Let l(z) = 4*o(z) - 5*u(z). What is l(-2)?
-24
Let a(b) = 11*b + 140. Let o = -5282 + 5270. What is a(o)?
8
Suppose -9*x - 3*f + 54 = f, 0 = 5*x - 4*f - 30. Let c(j) = -19*j**2 + 115*j + 9. What is c(x)?
15
Let v(n) be the second derivative of 2*n - 9/2*n**2 + 1/20*n**5 - 1/6*n**3 + 13/12*n**4 - 47. Determine v(-13).
4
Let o(r) = 2 - 8*r**2 + 4*r**2 + 2 - 3. Suppose -16*h + 5 = -15*h. Suppose -3 = -2*i + h*i. Determine o(i).
-3
Let h = -1110 - -1115. Let i = 7 + -2. Let c(a) = -i*a + 6 + 6*a - 3*a. Determine c(h).
-4
Let b(t) be the first derivative of 4*t**2 + 11*t - 1/3*t**3 + 121. What is b(9)?
2
Suppose 0 = 7*r - 2*r - 30. Let k be (-33)/(-2)*(-42)/(-63). Let x(w) = -k*w + 16*w + 12 - r*w. What is x(6)?
6
Let r(u) = u + 1. Suppose -4*c = -9*c. Let z be (-4 - (-1 + 2)) + c + -2. What is r(z)?
-6
Let b = 46 + -38. Suppose -4*q + b = -4. Let k(s) = -12*s + 8*s + s**3 - 8 + 0*s**2 - 5*s**2 + 0*s**q. Calculate k(6).
4
Let k(q) be the second derivative of q**3/6 + q**2/2 + 25883*q. Let r(y) = y**2 - y. Let h be r(-1). Determine k(h).
3
Let u(t) = 35*t**2 - 4*t - 23. Let h(d) = -68*d**2 + 7*d + 40. Let y(f) = 4*h(f) + 7*u(f). What is y(-1)?
-28
Let x(l) = l**3 - 6*l**2 - 5*l - 8. Suppose 3*b + 27*c - 30 = 24*c, -48 = -5*b - 3*c. Suppose 0 = -b*v + 63 - 0. Give x(v).
6
Let r(g) = g - 4. Let v be r(-3). Suppose -28 = -6*j + 2. Let m(w) = 11*w**2 + 7*w + 5. Let x(l) = 7*l**2 + 5*l + 3. Let n(d) = j*m(d) - 8*x(d). Give n(v).
-13
Let h(c) = -14*c**2 - 22*c - 15. Let g(r) = 17*r**2 + 22*r + 14. Let u(k) = 5*g(k) + 6*h(k). What is u(22)?
-20
Let v be -2 + (-4 + 9 - 8) - 1. Let r(c) = -c**3 - 8*c**2 - 7*c - 8. What is r(v)?
-38
Let l(a) = -a**3 - a**2 - a. Let p(j) = -10*j**2 - 84*j + 8 + 12 - 80*j + 174*j. Let q(z) = l(z) - p(z). Calculate q(7).
1
Let a(g) = -39*g**2 + 5*g + 14. Let f(o) = -28*o**2 + 3*o + 9. Let i(b) = 5*a(b) - 7*f(b). Suppose 5*l = -5*s, -s - 5*l = -2*l - 8. Give i(s).
7
Let h(t) = -4*t**2 + 56*t**3 - 25*t**3 - 5*t - 32*t**3 - 6. Let y = -1000 - -998. Give h(y).
-4
Let w(z) be the first derivative of -z**4/12 - 8*z**3/3 - 3*z**2 - 44*z + 106. Let r(d) be the first derivative of w(d). What is r(-16)?
-6
Let s(h) = -4*h - 23. Let q(f) = 3*f + 17. Let v(x) = 3*q(x) + 2*s(x). Let m(u) = -u**2 + 7*u. Let i be m(7). Determine v(i).
5
Let w(u) = -u**3 + 2*u**2 - 1. Let c = 250 - 250. Suppose a = 3*m - c*m - 6, 20 = 5*m - 5*a. What is w(m)?
0
Let l(k) be the third derivative of k**4/12 - 62*k**2 - 1. Suppose -4*y = -3*b - 11, -2*y + 9 = -3*b + y. Calculate l(b).
-2
Suppose 0 = -2*y - 153 + 31. Let o = 46 + y. Let d = -11 - o. Let w(p) = p**2 + 2*p - 4. Calculate w(d).
20
Let p(i) be the third derivative of 0*i + 1/6*i**3 - 2 + 16*i**2 - 5/6*i**4. Determine p(-1).
21
Let g(y) = 3*y - 5. Let q(n) = -3*n**3 + 213*n**2 + 12*n - 835. Let i be q(71). Determine g(i).
46
Let y(f) = -2*f**2 - 2*f + 2. Let p be y(-1). Suppose 0 = 4*u - 20 - 8. Let q(n) = 2*n**p - n**2 - 9 - u*n + 13. What is q(7)?
4
Let b(v) = 17*v - 4. Suppose -4*a - j - 15 = 2, -4*a = -3*j + 29. Let d(g) = 25*g - 6. Let u(s) = a*d(s) + 8*b(s). Calculate u(2).
20
Let h(j) = 3*j**2 + j + 7. Let c(m) = 2*m**2 - 7*m - 65. Let x(o) = c(o) + 9*h(o). Calculate x(2).
118
Let x = 41 - 39. Suppose 15 = -x*b + 21. Suppose -b*v - 6 + 3 = 0. Let d(y) = 11*y**3 - 1. What is d(v)?
-12
Let t(p) = -5*p**2 + 2*p + 1. Let a(r) = -r**2. Let k(x) = -4*a(x) + t(x). Let l = -136 - -140. Suppose -l + 0 = 2*i. Determine k(i).
-7
Let k(r) = 21*r + 6. Let w(m) = -14*m - 4. Let y(g) = -5*k(g) - 7*w(g). Let p = 224 - 280. Let v = 54 + p. Give y(v).
12
Let n(l) = -13*l**2 + 94*l + 18. Let u be n(10). Let c = u - -338. Let s(b) = -b**2 - 5*b - 8. Calculate s(c).
-4
Suppose -1 + 31 = -3*a. Let f(x) = -173 - x**2 - x**2 + 181 - 9*x + x**2. Let w be f(a). Let y(h) = -3*h**2 + 2*h + 1. What is y(w)?
-15
Let a(t) be the second derivative of -t**5/20 + 17*t**4/12 + t**3 + 15*t**2/2 + 14*t - 126. Determine a(17).
117
Let y(d) be the third derivative of -d**5/60 - 5*d**4/24 - d**3/6 + d**2. Let j be ((-288)/84)/((-6)/28). Suppose -5*n + 44 = -j*n. Determine y(n).
3
Let q = 3886 - 3894. Let p(u) = u**2 + 4*u - 19. Determine p(q).
13
Let h(y) be the first derivative of y**2/2 + 5*y - 70. Let z(n) = n**2 + 6*n - 2. Let q(u) = u**2 + 7*u + 5. Let f be q(-5). Let a be z(f). What is h(a)?
-2
Let s be 1 - -4 - (-9 - -14). Let b(i) = -5*i**3 - 3 + i + 1 + s*i + 4*i**3 + i**2. What is b(3)?
-17
Suppose -z = -2*z + 6. Let i = -42 - -45. Let d(w) = -30*w + 0 + 3 + 25*w - w**i + 7*w**2. Determine d(z).
9
Suppose 6*a + 68 = 23*a. Suppose -a*r + 44 = -4*z, -3*r + 17 = -3*z - 4*r. Let w(y) = y**2 + 4*y - 6. Determine w(z).
15
Let m = -1 - -8. Let s be 68/m + (-28)/(-98). Let w be 8/s*375/50. Let j(q) = q**3 - 7*q**2 + 6*q + 4. Determine j(w).
4
Let p(t) be the third derivative of t**5/30 - t**4/6 - 14*t**3/3 + 990*t**2. Determine p(6).
20
Let l = 147 - 101. Let z = l + -46. Let a(r) = r**3 + 7. Determine a(z).
7
Let m(w) = 3*w**2 - 8*w - 8. Let c = -5762 + 5757. Give m(c).
107
Let r(j) = 2*j. Suppose 4*o + 2*h - 80 = 0, o - 17 = -6*h + 4*h. Let s(y) = y. Let n(q) = o*s(q) - 6*r(q). Give n(1).
9
Let z = 29 - 27. Suppose -c + b = 0, 0 = -4*b + 6 + z. Let h be -1 + 1 - 16/c. Let j(v) = -v**2 - 9*v - 12. Give j(h).
-4
Let x(u) = 14*u**2 + 144*u + 48. Let g(o) = 3*o**2 + 31*o + 12. Let y(h) = -9*g(h) + 2*x(h). Let p be (-6)/33 - (-194)/(-22). Calculate y(p).
-12
Let q(o) = 27307 + 0*o + 3*o - 27306. What is q(2)?
7
Let y(z) = 3*z**2 - 2*z - 1. Let u(b) = -21*b**2 + 17*b - 3. Let w(h) = -h**2 - 2. Let p(v) = -u(v) + 2*w(v). Let t(x) = p(x) - 6*y(x). Give t(4).
1
Let s = 9 - 13. Let z(a) = 51*a + 14. Let q(w) = 228*w + 55. Let i(b) = 2*q(b) - 9*z(b). Calculate i(s).
-4
Let f(x) = -8*x + 350 + 347 + 346 - 1389 + 335 - x**2. Suppose 0*l = -2*o + l - 11, -3*o + 2*l - 14 = 0. What is f(o)?
-11
Let d = 248 - 235. Let r(u) = d*u + 9 - 6*u - 8*u + 0*u. Determine r(-8).
17
Suppose 3*f + 3*f + 1044 = 1044. Let h(j) = -4*j**3 + 5*j**2 - 5*j - 5. Let i(a) = -3*a**3 + 4*a**2 - 4*a - 5. Let x(k) = 4*h(k) - 5*i(k). Calculate x(f).
5
Suppose -4*l - 23 = -31. Suppose 4*b + 4*r - 76 = 0, -4*b + 3*r + 49 = -l*r. Let a(d) = 8*d**2 + b*d**2 - 22*d**2 - 4*d. Calculate a(3).
6
Let c(y) = y**3 - y**2 - 4*y. Suppose 0 = -5*k